
{"id":16,"date":"2008-01-22T14:37:59","date_gmt":"2008-01-22T12:37:59","guid":{"rendered":"http:\/\/www.depo.pl\/wordpress\/?page_id=16"},"modified":"2008-01-22T21:56:19","modified_gmt":"2008-01-22T19:56:19","slug":"jan-misiek-biogram","status":"publish","type":"page","link":"https:\/\/www.depo.pl\/?page_id=16","title":{"rendered":"Jan Misiek- kontakt"},"content":{"rendered":"<p>Kontakt<\/p>\n<p>Jan Misiek  dysponuje w\u0142asnym adresem mailowym, mo\u017cna do niego pisa\u0107 na adres:<\/p>\n<p>janmisiek49 ( at) wp.pl<\/p>\n<p>I mozna sie spodziewac odpowiedzi<\/p>\n<p>Lub zadzwoni\u0107: +48-58-309-47-50<br \/>\nLub wys\u0142a\u0107 list:<br \/>\nJan Misiek<br \/>\nul. Wschodnia 12<br \/>\n80-066 Gda\u0144sk<\/p>\n<p>Prace Jana Mi\u015bka mo\u017cna zakupi\u0107 bezpo\u015brednio u artysty lub podczas jednej z wielu wystaw w galeriach. Jan Misiek podejmie si\u0119 na Pa\u0144stwa zam\u00f3wienie &#8211; przy zachowaniu swobody artystycznej &#8211; namalowania obrazu albo wykonania collagu.<\/p>\n<p>Kilkanascie obrazow lub  kolazy   zostalo wykonanych przez niego na zamowienia  jako prezenty urodzinowe\/okolicznosciowe . Obdarowani byli zachwyceni z dwoch powodow: 1.dziela byly wysokiej klasy 2.  satysfakcja otrzymac niestereotypowy prezent<\/p>\n","protected":false},"excerpt":{"rendered":"<p>Kontakt Jan Misiek dysponuje w\u0142asnym adresem mailowym, mo\u017cna do niego pisa\u0107 na adres: janmisiek49 ( at) wp.pl I mozna sie spodziewac odpowiedzi Lub zadzwoni\u0107: +48-58-309-47-50 Lub wys\u0142a\u0107 list: Jan Misiek ul. Wschodnia 12 80-066 Gda\u0144sk Prace Jana Mi\u015bka mo\u017cna zakupi\u0107 bezpo\u015brednio u artysty lub podczas jednej z wielu wystaw w galeriach. Jan Misiek podejmie si\u0119 [&hellip;]<\/p>\n","protected":false},"author":2,"featured_media":0,"parent":0,"menu_order":79,"comment_status":"open","ping_status":"open","template":"","meta":{"ngg_post_thumbnail":0,"footnotes":""},"class_list":["post-16","page","type-page","status-publish","hentry"],"_links":{"self":[{"href":"https:\/\/www.depo.pl\/index.php?rest_route=\/wp\/v2\/pages\/16","targetHints":{"allow":["GET"]}}],"collection":[{"href":"https:\/\/www.depo.pl\/index.php?rest_route=\/wp\/v2\/pages"}],"about":[{"href":"https:\/\/www.depo.pl\/index.php?rest_route=\/wp\/v2\/types\/page"}],"author":[{"embeddable":true,"href":"https:\/\/www.depo.pl\/index.php?rest_route=\/wp\/v2\/users\/2"}],"replies":[{"embeddable":true,"href":"https:\/\/www.depo.pl\/index.php?rest_route=%2Fwp%2Fv2%2Fcomments&post=16"}],"version-history":[{"count":0,"href":"https:\/\/www.depo.pl\/index.php?rest_route=\/wp\/v2\/pages\/16\/revisions"}],"wp:attachment":[{"href":"https:\/\/www.depo.pl\/index.php?rest_route=%2Fwp%2Fv2%2Fmedia&parent=16"}],"curies":[{"name":"wp","href":"https:\/\/api.w.org\/{rel}","templated":true}]}}