
{"id":20,"date":"2008-01-22T14:49:36","date_gmt":"2008-01-22T12:49:36","guid":{"rendered":"http:\/\/www.depo.pl\/wordpress\/?page_id=20"},"modified":"2010-09-16T08:52:40","modified_gmt":"2010-09-16T07:52:40","slug":"jan-misiek-prace-typograficzne-i-edytorskie","status":"publish","type":"page","link":"https:\/\/www.depo.pl\/?page_id=20","title":{"rendered":"Jan Misiek- prace typograficzne i edytorskie"},"content":{"rendered":"<h2>K S I \u0104 \u017b K I<\/h2>\n<hr size=\"1\" \/><span style=\"line-height: normal; -webkit-border-horizontal-spacing: 2px; -webkit-border-vertical-spacing: 2px; font-size: small;\"><br \/>\n<\/span><\/p>\n<p class=\"j\">Jan Misiek jest cenionym autorem opracowa\u0144  graficznych ksi\u0105\u017cek. Na konkursach wydawniczych zdoby\u0142 wiele  nagr\u00f3d.<\/p>\n<p class=\"c\"><strong>Targi Ksi\u0105\u017cki Naukowej<\/strong><\/p>\n<p class=\"c\">22-25 marca 2000 roku<\/p>\n<p class=\"j\">Jury <strong>konkursu na najtrafniejsz\u0105 szat\u0119 edytorsk\u0105 ksi\u0105\u017cki naukowej<\/strong> pod  przewodnictwem dr in\u017c. Ludomira Jankowskiego orzek\u0142o, \u017ce  spo\u015br\u00f3d zg\u0142oszonych do konkursu 101 tytu\u0142\u00f3w z 30 wydawnictw  nagrody otrzymuj\u0105:<\/p>\n<ul>\n<li>w kategorii ksi\u0105\u017cki humanistycznej: <em>Tragedia o bogaczu i  \u0141azarzu<\/em>. Z r\u0119kopisu odczyta\u0142 i do druku przygotowa\u0142  Jerzy Treder. Koncepcja edytorska i opracowanie graficzne:  Jan Misiek i Kazimierz Orzechowski. Wydawnictwo Uniwersytetu  Gda\u0144skiego, Gda\u0144sk 1999.<\/li>\n<\/ul>\n<p class=\"c\"><a href=\"javascript:zamknij();displayWindow('JM-Ksiazki\/Tragedia.jpg','391','550','Tragedia o bogaczu i %C5%82azarzu')\"> <\/a><\/p>\n<p class=\"j\">Tworzy tak\u017ce grafik\u0119 projektow\u0105: plakatow\u0105, ksi\u0105\u017ckow\u0105 i katalogow\u0105 (niedawno opracowa\u0142 publikacj\u0119 i plakat do g\u0142o\u015bnej polsko-w\u0142oskiej wystawy pt.: &#8220;Hans Memling. Micha\u0142 Anio\u0142. Wizja ko\u0144ca czasu&#8221; dla Muzeum Narodowego w Gda\u0144sku, wystawa zorganizowana w 2001 roku by\u0142a wa\u017cn\u0105 prezentacj\u0105 dw\u00f3ch geniuszy Renesansu).<\/p>\n<p class=\"c\"><a href=\"javascript:zamknij();displayWindow('JM-Ksiazki\/Hans Memling Michal Aniol.jpg','456','560','Hans Memling - Micha%C5%82 Anio%C5%82')\"> <\/a><\/p>\n<p class=\"j\"><strong><br \/>\n<\/strong><\/p>\n<p class=\"c\"><a href=\"javascript:zamknij();displayWindow('JM-Ksiazki\/Pawel Huelle Weisser Dawidek.jpg','415','589','Pawe%C5%82 Huelle - Weiser Dawidek')\"> <\/a><\/p>\n<p class=\"j\">Strona \u00a0Jana Mi\u015bka jest <a href=\"http:\/\/janmisiek.wordpress.com\/\" target=\"_blank\">tutaj<\/a><\/p>\n<p class=\"c\"><a href=\"javascript:zamknij();displayWindow('JM-Ksiazki\/Gdansk.jpg','380','599','Zbigniew Szyma%C5%84ski - Gda%C5%84sk')\"> <\/a> <a href=\"javascript:zamknij();displayWindow('JM-Ksiazki\/Gunter.jpg','420','587','G%C3%BCnter Grass - Z dziennika %C5%9Blimaka')\"> <\/a> <a href=\"javascript:zamknij();displayWindow('JM-Ksiazki\/Jan Misiek 1.jpg','120','180','Lech Marek Jak%C3%B3b - Kruk najbielszy')\"> <\/a> <a href=\"javascript:zamknij();displayWindow('JM-Ksiazki\/Magni1.jpg','340','588','Magni')\"> <\/a> <a href=\"javascript:zamknij();displayWindow('JM-Ksiazki\/500 lat sztuki drukarskiej.jpg','388','550','500 lat sztuki drukarskiej w Gda%C5%84sku - katalog wystawy')\"> <\/a> <a href=\"javascript:zamknij();displayWindow('JM-Ksiazki\/Gunter Grass Powrot z pracowni.jpg','413','550','G%C3%BCnter Grass - Raport z pracowni')\"> <\/a> <a href=\"javascript:zamknij();displayWindow('JM-Ksiazki\/Wieza Babel.jpg','704','509','Wie%C5%BCa Babel')\"> <\/a> <a href=\"javascript:zamknij();displayWindow('JM-Ksiazki\/Wieczorny widnik.jpg','347','550','Jan Zbrzyca - Wiecz%C3%B3rny Widnik')\"> <\/a><\/p>\n<p class=\"c\"><a href=\"javascript:zamknij();displayWindow('JM-Ksiazki\/Kaziemierz Nowosielski.jpg','250','550','Kazimierz Nowosielski - 12 wierszy')\"> <\/a> <a href=\"javascript:zamknij();displayWindow('JM-Ksiazki\/Konrad Baumgart.jpg','391','550','Zbigniew Nowak - Konrad Baumgart')\"> <\/a> <a href=\"javascript:zamknij();displayWindow('JM-Ksiazki\/MarianKolodziej Labirynty.jpg','476','496','Labirynty Mariana Ko%C5%82odzieja')\"> <\/a> <a href=\"javascript:zamknij();displayWindow('JM-Ksiazki\/Muzeum Hymnu Narodowego.jpg','443','550','25 lat Muzeum Hymnu Narodowego w B%C4%99dominie')\"> <\/a> <a href=\"javascript:zamknij();displayWindow('JM-Ksiazki\/Oliwa Gdansk.jpg','380','550','Oliwa bli%C5%BCej Gda%C5%84ska - Gda%C5%84sk bli%C5%BCej Sztuki')\"> <\/a> <a href=\"javascript:zamknij();displayWindow('JM-Ksiazki\/Plan Gdanska.jpg','317','550','Plan Gda%C5%84ska')\"> <\/a> <a href=\"javascript:zamknij();displayWindow('JM-Ksiazki\/Ubaldo Magni.jpg','370','550','Ubaldo Magni - Poesie\/Wiersze')\"> <\/a> <a href=\"javascript:zamknij();displayWindow('JM-Ksiazki\/okladka_plecy.jpg','240','480','Steel Forest')\"> <\/a><\/p>\n","protected":false},"excerpt":{"rendered":"<p>K S I \u0104 \u017b K I Jan Misiek jest cenionym autorem opracowa\u0144 graficznych ksi\u0105\u017cek. Na konkursach wydawniczych zdoby\u0142 wiele nagr\u00f3d. Targi Ksi\u0105\u017cki Naukowej 22-25 marca 2000 roku Jury konkursu na najtrafniejsz\u0105 szat\u0119 edytorsk\u0105 ksi\u0105\u017cki naukowej pod przewodnictwem dr in\u017c. Ludomira Jankowskiego orzek\u0142o, \u017ce spo\u015br\u00f3d zg\u0142oszonych do konkursu 101 tytu\u0142\u00f3w z 30 wydawnictw nagrody otrzymuj\u0105: [&hellip;]<\/p>\n","protected":false},"author":2,"featured_media":0,"parent":0,"menu_order":78,"comment_status":"open","ping_status":"open","template":"","meta":{"ngg_post_thumbnail":0,"footnotes":""},"class_list":["post-20","page","type-page","status-publish","hentry"],"_links":{"self":[{"href":"https:\/\/www.depo.pl\/index.php?rest_route=\/wp\/v2\/pages\/20","targetHints":{"allow":["GET"]}}],"collection":[{"href":"https:\/\/www.depo.pl\/index.php?rest_route=\/wp\/v2\/pages"}],"about":[{"href":"https:\/\/www.depo.pl\/index.php?rest_route=\/wp\/v2\/types\/page"}],"author":[{"embeddable":true,"href":"https:\/\/www.depo.pl\/index.php?rest_route=\/wp\/v2\/users\/2"}],"replies":[{"embeddable":true,"href":"https:\/\/www.depo.pl\/index.php?rest_route=%2Fwp%2Fv2%2Fcomments&post=20"}],"version-history":[{"count":2,"href":"https:\/\/www.depo.pl\/index.php?rest_route=\/wp\/v2\/pages\/20\/revisions"}],"predecessor-version":[{"id":412,"href":"https:\/\/www.depo.pl\/index.php?rest_route=\/wp\/v2\/pages\/20\/revisions\/412"}],"wp:attachment":[{"href":"https:\/\/www.depo.pl\/index.php?rest_route=%2Fwp%2Fv2%2Fmedia&parent=20"}],"curies":[{"name":"wp","href":"https:\/\/api.w.org\/{rel}","templated":true}]}}

<h2>K S I Ą Ż K I</h2>
<hr size="1" /><span style="line-height: normal; -webkit-border-horizontal-spacing: 2px; -webkit-border-vertical-spacing: 2px; font-size: small;"><br />
</span></p>
<p class="j">Jan Misiek jest cenionym autorem opracowań  graficznych książek. Na konkursach wydawniczych zdobył wiele  nagród.</p>
<p class="c"><strong>Targi Książki Naukowej</strong></p>
<p class="c">22-25 marca 2000 roku</p>
<p class="j">Jury <strong>konkursu na najtrafniejszą szatę edytorską książki naukowej</strong> pod  przewodnictwem dr inż. Ludomira Jankowskiego orzekło, że  spośród zgłoszonych do konkursu 101 tytułów z 30 wydawnictw  nagrody otrzymują:</p>
<ul>
<li>w kategorii książki humanistycznej: <em>Tragedia o bogaczu i  Łazarzu</em>. Z rękopisu odczytał i do druku przygotował  Jerzy Treder. Koncepcja edytorska i opracowanie graficzne:  Jan Misiek i Kazimierz Orzechowski. Wydawnictwo Uniwersytetu  Gdańskiego, Gdańsk 1999.</li>
</ul>
<p class="c"><a href="javascript:zamknij();displayWindow('JM-Ksiazki/Tragedia.jpg','391','550','Tragedia o bogaczu i %C5%82azarzu')"> </a></p>
<p class="j">Tworzy także grafikę projektową: plakatową, książkową i katalogową (niedawno opracował publikację i plakat do głośnej polsko-włoskiej wystawy pt.: &#8220;Hans Memling. Michał Anioł. Wizja końca czasu&#8221; dla Muzeum Narodowego w Gdańsku, wystawa zorganizowana w 2001 roku była ważną prezentacją dwóch geniuszy Renesansu).</p>
<p class="c"><a href="javascript:zamknij();displayWindow('JM-Ksiazki/Hans Memling Michal Aniol.jpg','456','560','Hans Memling - Micha%C5%82 Anio%C5%82')"> </a></p>
<p class="j"><strong><br />
</strong></p>
<p class="c"><a href="javascript:zamknij();displayWindow('JM-Ksiazki/Pawel Huelle Weisser Dawidek.jpg','415','589','Pawe%C5%82 Huelle - Weiser Dawidek')"> </a></p>
<p class="j">Strona  Jana Miśka jest <a href="http://janmisiek.wordpress.com/" target="_blank">tutaj</a></p>
<p class="c"><a href="javascript:zamknij();displayWindow('JM-Ksiazki/Gdansk.jpg','380','599','Zbigniew Szyma%C5%84ski - Gda%C5%84sk')"> </a> <a href="javascript:zamknij();displayWindow('JM-Ksiazki/Gunter.jpg','420','587','G%C3%BCnter Grass - Z dziennika %C5%9Blimaka')"> </a> <a href="javascript:zamknij();displayWindow('JM-Ksiazki/Jan Misiek 1.jpg','120','180','Lech Marek Jak%C3%B3b - Kruk najbielszy')"> </a> <a href="javascript:zamknij();displayWindow('JM-Ksiazki/Magni1.jpg','340','588','Magni')"> </a> <a href="javascript:zamknij();displayWindow('JM-Ksiazki/500 lat sztuki drukarskiej.jpg','388','550','500 lat sztuki drukarskiej w Gda%C5%84sku - katalog wystawy')"> </a> <a href="javascript:zamknij();displayWindow('JM-Ksiazki/Gunter Grass Powrot z pracowni.jpg','413','550','G%C3%BCnter Grass - Raport z pracowni')"> </a> <a href="javascript:zamknij();displayWindow('JM-Ksiazki/Wieza Babel.jpg','704','509','Wie%C5%BCa Babel')"> </a> <a href="javascript:zamknij();displayWindow('JM-Ksiazki/Wieczorny widnik.jpg','347','550','Jan Zbrzyca - Wiecz%C3%B3rny Widnik')"> </a></p>
<p class="c"><a href="javascript:zamknij();displayWindow('JM-Ksiazki/Kaziemierz Nowosielski.jpg','250','550','Kazimierz Nowosielski - 12 wierszy')"> </a> <a href="javascript:zamknij();displayWindow('JM-Ksiazki/Konrad Baumgart.jpg','391','550','Zbigniew Nowak - Konrad Baumgart')"> </a> <a href="javascript:zamknij();displayWindow('JM-Ksiazki/MarianKolodziej Labirynty.jpg','476','496','Labirynty Mariana Ko%C5%82odzieja')"> </a> <a href="javascript:zamknij();displayWindow('JM-Ksiazki/Muzeum Hymnu Narodowego.jpg','443','550','25 lat Muzeum Hymnu Narodowego w B%C4%99dominie')"> </a> <a href="javascript:zamknij();displayWindow('JM-Ksiazki/Oliwa Gdansk.jpg','380','550','Oliwa bli%C5%BCej Gda%C5%84ska - Gda%C5%84sk bli%C5%BCej Sztuki')"> </a> <a href="javascript:zamknij();displayWindow('JM-Ksiazki/Plan Gdanska.jpg','317','550','Plan Gda%C5%84ska')"> </a> <a href="javascript:zamknij();displayWindow('JM-Ksiazki/Ubaldo Magni.jpg','370','550','Ubaldo Magni - Poesie/Wiersze')"> </a> <a href="javascript:zamknij();displayWindow('JM-Ksiazki/okladka_plecy.jpg','240','480','Steel Forest')"> </a></p>

<p>K S I Ą Ż K I Jan Misiek jest cenionym autorem opracowań graficznych książek. Na konkursach wydawniczych zdobył wiele nagród. Targi Książki Naukowej 22-25 marca 2000 roku Jury konkursu na najtrafniejszą szatę edytorską książki naukowej pod przewodnictwem dr inż. Ludomira Jankowskiego orzekło, że spośród zgłoszonych do konkursu 101 tytułów z 30 wydawnictw nagrody otrzymują: [&hellip;]</p>
