
{"id":22,"date":"2008-01-22T14:52:45","date_gmt":"2008-01-22T12:52:45","guid":{"rendered":"http:\/\/www.depo.pl\/wordpress\/?page_id=22"},"modified":"2008-01-22T21:38:18","modified_gmt":"2008-01-22T19:38:18","slug":"alina-kulczynska-wystawy","status":"publish","type":"page","link":"https:\/\/www.depo.pl\/?page_id=22","title":{"rendered":"Alina Kulczy\u0144ska &#8211; wystawy"},"content":{"rendered":"<p>A L I N A   K U L C Z Y \u0143 S K A<br \/>\nW Y S T A W Y<\/p>\n<p>Wystawy indywidualne:<br \/>\n1990 &#8211; Galeria Rataje, KMPiK Pozna\u0144<br \/>\n1991 &#8211; BWA Gniezno<br \/>\n1991 &#8211; Galeria Grafiki i Plakatu Aneks. BWA Pozna\u0144<br \/>\n1992 &#8211; Galeria Altesparkasse. Ibbenb\u00fcren, RFN<br \/>\n1993 &#8211; Galeria S, Toru\u0144 (wsp\u00f3lnie z A. Kalin\u0105)<br \/>\n1995 &#8211; Galeria Gra\u017cyny Kulczyk, Pozna\u0144 (wsp\u00f3lnie z M. Paw\u0142owskim)<br \/>\n1996 &#8211; Galeria Bingo, Toru\u0144<br \/>\n2001 &#8211; Galeria Miejska Arsena\u0142 w Poznaniu<\/p>\n<p>Wa\u017cniejsze wystawy zbiorowe:<br \/>\n1984 &#8211; 8 Og\u00f3lnopolski Konkurs Otwarty na Grafik\u0119, BWA \u0141\u00f3d\u017a<br \/>\n1985 &#8211; XII Internationale Exlibriswedstrijd, Sint-Niklaas, Belgia<br \/>\n1986 &#8211; Og\u00f3lnopolska Pokonkursowa Wystawa Grafiki, BWA Szczecin, (nagroda)<br \/>\n1987 &#8211; XII Biennale Plakatu Polskiego, BWA Katowice<br \/>\n1988 &#8211; 12 Mi\u0119dzynarodowe Biennale Plakatu, Warszawa<br \/>\n1991 &#8211; Polska, Wystawa wsp\u00f3\u0142czesnej sztuki polskiej, Lucca, W\u0142ochy<br \/>\n2002 \u2013 I Biennale Pasteli, BWA Nowy S\u0105cz, Galeria Miejska Arsena\u0142 Pozna\u0144<br \/>\n2004 \u2013 II Mi\u0119dzynarodowe Biennale Pasteli, BWA Nowy S\u0105cz, Galeria DAP Warszawa<\/p>\n","protected":false},"excerpt":{"rendered":"<p>A L I N A K U L C Z Y \u0143 S K A W Y S T A W Y Wystawy indywidualne: 1990 &#8211; Galeria Rataje, KMPiK Pozna\u0144 1991 &#8211; BWA Gniezno 1991 &#8211; Galeria Grafiki i Plakatu Aneks. BWA Pozna\u0144 1992 &#8211; Galeria Altesparkasse. Ibbenb\u00fcren, RFN 1993 &#8211; Galeria S, Toru\u0144 (wsp\u00f3lnie [&hellip;]<\/p>\n","protected":false},"author":2,"featured_media":0,"parent":0,"menu_order":92,"comment_status":"open","ping_status":"open","template":"","meta":{"ngg_post_thumbnail":0,"footnotes":""},"class_list":["post-22","page","type-page","status-publish","hentry"],"_links":{"self":[{"href":"https:\/\/www.depo.pl\/index.php?rest_route=\/wp\/v2\/pages\/22","targetHints":{"allow":["GET"]}}],"collection":[{"href":"https:\/\/www.depo.pl\/index.php?rest_route=\/wp\/v2\/pages"}],"about":[{"href":"https:\/\/www.depo.pl\/index.php?rest_route=\/wp\/v2\/types\/page"}],"author":[{"embeddable":true,"href":"https:\/\/www.depo.pl\/index.php?rest_route=\/wp\/v2\/users\/2"}],"replies":[{"embeddable":true,"href":"https:\/\/www.depo.pl\/index.php?rest_route=%2Fwp%2Fv2%2Fcomments&post=22"}],"version-history":[{"count":0,"href":"https:\/\/www.depo.pl\/index.php?rest_route=\/wp\/v2\/pages\/22\/revisions"}],"wp:attachment":[{"href":"https:\/\/www.depo.pl\/index.php?rest_route=%2Fwp%2Fv2%2Fmedia&parent=22"}],"curies":[{"name":"wp","href":"https:\/\/api.w.org\/{rel}","templated":true}]}}