
{"id":24,"date":"2008-01-22T15:05:47","date_gmt":"2008-01-22T13:05:47","guid":{"rendered":"http:\/\/www.depo.pl\/wordpress\/?page_id=24"},"modified":"2010-09-16T08:48:00","modified_gmt":"2010-09-16T07:48:00","slug":"drezdenko-moje-miasto-rodzinne","status":"publish","type":"page","link":"https:\/\/www.depo.pl\/?page_id=24","title":{"rendered":"Drezdenko"},"content":{"rendered":"<hr size=\"1\" \/><span style=\"line-height: normal; -webkit-border-horizontal-spacing: 2px; -webkit-border-vertical-spacing: 2px; font-size: small;\"><br \/>\n<\/span><\/p>\n<h1>miasto rodzinne<\/h1>\n<p class=\"c\">\n<p class=\"j\">Miasto w woj. lubuskim (powiat strzelecko-drezdenkowski), w Kotlinie Gorzowskiej, nad Noteci\u0105 &#8211; 10,7 tys. mieszka\u0144c\u00f3w (1998). Jeden z najstarszych p\u00f3\u0142nocnych grod\u00f3w obronnych na granicy z Pomorzem, wzmiankowany w 1098 roku (jako Drzen, obecna nazwa od XIX w.); w XII-XIII w. siedziba kasztelanii; prawa miejskie przed rokiem 1317; ok. 1296 roku opanowane przez Brandenburgie, 1309-17 przej\u015bciowo zaj\u0119te przez Polsk\u0119, od 1408 roku w\u0142asno\u015b\u0107 Krzy\u017cak\u00f3w, od 1454 roku ponownie w Brandenburgii, dzieli\u0142o losy pospolitego  regionu; w XIX i XX w. rozw\u00f3j przemys\u0142u metalurgicznego, ceramicznego i drzewnego; w czasie II wojny \u015bwiatowej oddzia\u0142y robocze je\u0144c\u00f3w francuskich, w\u0142oskich i jugos\u0142owia\u0144skich (obozy pracy przymusowej); od 1945 w Polsce. Miasto i jego okolice urzekaj\u0105 swoistym pi\u0119knem krajobrazu. Ciekawa rze\u017aba terenu ukszta\u0142towana w wyniku topnienia lodowc\u00f3w, lasy bogate w chronione gatunki ro\u015blin i zwierz\u0105t, malowniczo po\u0142o\u017cone jeziora, du\u017ce obszary \u0142\u0105k oraz liczne rzeki, strumyki i kana\u0142y odwadniaj\u0105ce to tylko niekt\u00f3re walory turystyczne gminy. Mi\u0142o\u015bnikom przyrody i pieszych w\u0119dr\u00f3wek polecam oznakowane szlaki turystyczne i rezerwaty przyrody.<\/p>\n<p class=\"c\"><a href=\"javascript:zamknij();displayWindow('Drezdenko\/The Landascape near Drezdenko 2.jpg','603','236','Pejza%C5%BC niedaleko Drezdenka')\"> <\/a> <a href=\"javascript:zamknij();displayWindow('Drezdenko\/The Landscape near  Drezdenko 3.jpg','414','243','Pejza%C5%BC niedaleko Drezdenka')\"> <\/a><\/p>\n<p class=\"c\"><a href=\"javascript:zamknij();displayWindow('Drezdenko\/The Landscape near Drezdenko.jpg','651','150','Pejza%C5%BC niedaleko Drezdenka')\"> <\/a><\/p>\n<hr size=\"1\" \/>\n<p class=\"j\"><strong><span style=\"color: orange;\">ZABYTKI:<\/span><\/strong><\/p>\n<p class=\"j\"><strong><span style=\"color: orange;\">Stary Rynek<\/span><\/strong> z prze\u0142omu XVII &#8211; XVIII w.<\/p>\n<p class=\"c\"><a href=\"javascript:zamknij();displayWindow('Drezdenko\/Main market Drezdenko.jpg','343','460','Rynek G%C5%82%C3%B3wny')\"> <\/a> <a href=\"javascript:zamknij();displayWindow('Drezdenko\/City hall Drezdenko.jpg','297','372','Ratusz')\"> <\/a><\/p>\n<hr size=\"1\" \/>\n<p class=\"j\"><strong><span style=\"color: orange;\">Kamieniczki secesyjne<\/span><\/strong><\/p>\n<p class=\"c\"><a href=\"javascript:zamknij();displayWindow('Drezdenko\/Kamieniczki w Drezdenku.jpg','586','460','Kamieniczki w Drezdenku')\"> <\/a><\/p>\n<hr size=\"1\" \/>\n<p class=\"j\"><strong><span style=\"color: orange;\">Zesp\u00f3\u0142 Pa\u0142acowy Barokowy<\/span><\/strong> (pa\u0142ac, kordegarda, oficyna, park),  obecnie Gimnazjum nr 1, przy Placu Wolno\u015bci.<\/p>\n<p class=\"c\"><a href=\"javascript:zamknij();displayWindow('Drezdenko\/The XVI century castle Drezdenko.jpg','627','223','XVI-wieczny zamek')\"> <\/a><\/p>\n<p class=\"j\">Kr\u00f3l Prus, Fryderyk II, bezu\u017cyteczne zabudowania twierdzy nada\u0142 kupcowi Johannowi Gottlobowi Treppmacherowi, kt\u00f3ry wybudowa\u0142 p\u00f3\u017anobarokowy pa\u0142ac. Napis fundacyjny w sieni pa\u0142acowej pozwala okre\u015bli\u0107 czas uko\u0144czenia budowy na rok 1766.<\/p>\n<hr size=\"1\" \/>\n<p class=\"j\"><strong><span style=\"color: orange;\">Fragmenty fortyfikacji ziemnych z XVIII w<\/span><\/strong> w obr\u0119bie twierdzy wybudowanej przez Brandenburczyk\u00f3w na prze\u0142omie XVI i XVII w.<\/p>\n<p class=\"c\"><a href=\"javascript:zamknij();displayWindow('Drezdenko\/The Map of the XVI century castle Drezdenko.jpg','596','396','Mapa XVI-wiecznego zamku')\"> <\/a><\/p>\n<hr size=\"1\" \/>\n<p class=\"j\"><strong><span style=\"color: orange;\">Budynek Arsena\u0142u z XVII w.<\/span><\/strong> przebudowany na spichlerz, a dzi\u015b b\u0119d\u0105cy siedzib\u0105 Muzeum Puszczy Drawsko-Noteckiej &#8211; zabytkowa zbrojownia z XVII w. Po likwidacji twierdzy (w 1763 roku) przeznaczono obiekt na magazyn produkt\u00f3w \u017cywno\u015bciowych, dobudowano trzy kondygnacje konstrukcji drewnianej, gdzie magazynowano zbo\u017ce (st\u0105d spichlerz). W latach 1981-1985 dokonano renowacji obiektu. Wiod\u0105cym kierunkiem Muzeum jest przyroda Puszczy Drawskiej i Noteckiej. Plac\u00f3wka szczyci si\u0119 okaza\u0142ymi zbiorami licznych gatunk\u00f3w fauny zamieszkuj\u0105cej okoliczne lasy. Mo\u017cna tu znale\u017a\u0107 informacje dotycz\u0105ce historii miasta i regionu, a tak\u017ce zapozna\u0107 si\u0119 z  materia\u0142ami archiwalnymi, kt\u00f3re uda\u0142o si\u0119 ocali\u0107 od zapomnienia.<\/p>\n<p class=\"c\"><a href=\"javascript:zamknij();displayWindow('Drezdenko\/Half timbered house in Drezdenko XVII th century.jpg','650','432','XVII-wieczny wp%C3%B3%C5%82 drewniany dom')\"> <\/a> <a href=\"javascript:zamknij();displayWindow('Drezdenko\/Spichlerz duzy.jpg','424','280','Du%C5%BCy spichlerz')\"> <\/a><\/p>\n<hr size=\"1\" \/>\n<p class=\"j\"><strong><span style=\"color: orange;\">Ko\u015bci\u00f3\u0142 Parafialny im. Przemienienia Pa\u0144skiego<\/span><\/strong> uko\u0144czony w 1902 roku.<\/p>\n<p class=\"c\"><a href=\"javascript:zamknij();displayWindow('Drezdenko\/Kosciol Ewangelicki.jpg','306','460','Ko%C5%9Bci%C3%B3%C5%82 Ewangelicki')\"> <\/a><\/p>\n<p class=\"j\">Nowy ko\u015bci\u00f3\u0142 otrzyma\u0142 figuralne, patynowe witra\u017ce przedstawiaj\u0105ce sceny i postacie biblijne. O\u0142tarz g\u0142\u00f3wny, mozaikowy, wykonany zosta\u0142 z piaskowca i ozdobiony marmurowymi kolumienkami. Wysoko\u015b\u0107 wie\u017cy wraz z dzwonnic\u0105 wynosi 78 m. Na wie\u017cy nad dzwonnic\u0105 zamontowany zosta\u0142 zegar mechaniczny z 1902 roku. W latach 1920-1921 za\u0142o\u017cono (w miejsce dzwon\u00f3w zabranych podczas I wojny \u015bwiatowej w 1917 roku) wykonane w Bochum dzwony staliwne, kt\u00f3re s\u0142u\u017c\u0105 do dzi\u015b! Nazwy dzwon\u00f3w:<br \/>\nWIARA &#8211; 1490 kg;<br \/>\nNADZIEJA &#8211; 975 kg;<br \/>\nMI\u0141O\u015a\u0106 &#8211; 2294 kg.<\/p>\n<hr size=\"1\" \/>\n<p class=\"j\"><strong><span style=\"color: orange;\">Organy Sauera<\/span><\/strong><\/p>\n<p class=\"c\"><a href=\"javascript:zamknij();displayWindow('Drezdenko\/Oragany Sauera w Drezdenku.jpg','200','140','Organy Sauera w Drezdenku')\"> <\/a><\/p>\n<p class=\"j\">W 1902 roku na balkonie ko\u015bcio\u0142a zainstalowano organy, zbudowane przez znakomitego organmistrza WILHELMA SAUERA z Frankfurtu nad Odr\u0105. Organy wzniesiono na ch\u00f3rze od strony zachodniej, wykorzystuj\u0105c specjalnie zaprojektowan\u0105 w tym celu wn\u0119k\u0119, obudowuj\u0105c j\u0105 szaf\u0105 wykonan\u0105 z trwa\u0142ych i drogich materia\u0142\u00f3w, g\u0142\u00f3wnie d\u0119bu. Wystr\u00f3j instrumentu w pe\u0142ni odpowiada architekturze ko\u015bcio\u0142a, tworz\u0105c z jego wn\u0119trzem harmonijn\u0105 ca\u0142o\u015b\u0107.<br \/>\nPocz\u0105tkowo organy obs\u0142ugiwane by\u0142y przez dw\u00f3ch kalikant\u00f3w, kt\u00f3rzy za pomoc\u0105 specjalnych podajnik\u00f3w nape\u0142niali du\u017cy zbiornik powietrza, tzw. miech magazynowy. Po pewnym czasie rozebrano jedno stanowisko kalikanta, a zamiast niego zainstalowano elektryczn\u0105 dmuchaw\u0119, bardziej wydajn\u0105 i zapewniaj\u0105c\u0105 sta\u0142e ci\u015bnienie powietrza.<br \/>\nSzczeg\u00f3lnie ozdobnie wykonano przedni\u0105 cz\u0119\u015b\u0107 szafy organowej, tzw. prospekt. Widoczne w nim du\u017cych rozmiar\u00f3w piszcza\u0142ki zrobione s\u0105 z cynku i stanowi\u0105 tylko nik\u0142y procent ca\u0142ego aparatu brzmieniowego, ukrytego wewn\u0105trz instrumentu. Najprawdopodobniej organy Sauera w Drezdenku posiada\u0142y w prospekcie piszcza\u0142ki odlane z wysokoprocentowej cyny. Je\u015bli to przypuszczenie jest prawdziwe, to piszcza\u0142ki takie na pewno pad\u0142y w 1917 roku ofiar\u0105 dzia\u0142alno\u015bci niemieckiego towarzystwa Kriegsmetall AG, zajmuj\u0105cego si\u0119 masowym rekwirowaniem materia\u0142\u00f3w przydatnych na cele wojenne. W latach nast\u0119pnych braki uzupe\u0142niono piszcza\u0142kami z cynku, materia\u0142u ta\u0144szego, ale o gorszych parametrach brzmieniowych.<br \/>\nNa prospekcie widniej\u0105 elementy ornamentacyjne, odnowione i poz\u0142ocone podczas niedawnego malowania \u015bwi\u0105tyni. Umieszczona tam inskrypcja w j\u0119zyku niemieckim to parafraza fragment\u00f3w Psalmu 150, stanowi\u0105ca swoiste Credo i okre\u015blaj\u0105ca rol\u0119 organ\u00f3w w protestanckiej liturgii. W dw\u00f3ch polach pod piszcza\u0142kami frontowymi czytamy: Lobet Gott\/alle Welt (Niech ca\u0142y \u015bwiat chwali Boga), natomiast na ni\u017cej namalowanej wst\u0119dze &#8211; Lobet ihn mit Posaunen\/Lobet ihn mit Psalter  Harfe (Chwalcie Go na puzonach, chwalcie Go na cytrze i harfie). Uwypuklenie pierwszego cz\u0142onu (Chwalcie Go na puzonach) jest podkre\u015bleniem faktu, \u017ce taki g\u0142os znajduje si\u0119 w organach i ma istotny wp\u0142yw na ich brzmienie.<br \/>\nSercem instrumentu jest bez w\u0105tpienia kontuar, czyli st\u00f3\u0142 gry. O staranno\u015bci jego wykonania \u015bwiadczy fakt, \u017ce po ponad 90 latach pracy nadal jest czynny, a jego stan obecny pozwala zrozumie\u0107 jak trwa\u0142y i precyzyjny mechanizm stanowi.<br \/>\nOrgany Sauera w Drezdenku maj\u0105 obecnie 29 g\u0142os\u00f3w i dziel\u0105 si\u0119 na 3 sekcje: 2 manua\u0142y (klawiatury r\u0119czne) i peda\u0142 (klawiatura no\u017cna). Manua\u0142 I (dolny) to tzw. g\u0142\u00f3wny (Hauptwerk), manua\u0142 II (Schwellwerk) to g\u00f3rna klawiatura, kt\u00f3rej piszcza\u0142ki obudowane s\u0105 specjaln\u0105 szaf\u0105 z no\u017cnym t\u0142umikiem. Graj\u0105cy steruje poszczeg\u00f3lnymi zespo\u0142ami piszcza\u0142ek, zgrupowanymi w tzw. g\u0142osy (rz\u0119dy piszcza\u0142ek o zbli\u017conej barwie) za pomoc\u0105 skomplikowanego systemu zawor\u00f3w poruszanych spr\u0119\u017conym powietrzem. Du\u017ca liczba g\u0142os\u00f3w i mo\u017cliwo\u015b\u0107 wykorzystywania ich w licznych kombinacjach daj\u0105 bardzo szerok\u0105 palet\u0119 \u015brodk\u00f3w wykonawczych. Odpowiednie rozmiary obudowy organ\u00f3w s\u0142u\u017c\u0105cej jako pud\u0142o rezonansowe oraz sprzyjaj\u0105ca akustyka \u015bwi\u0105tyni decyduj\u0105 o niezapomnianych wra\u017ceniach, jakie wywo\u0142uje muzyka organowa u s\u0142uchaczy.<br \/>\nW tym stanie organy z obecnego ko\u015bcio\u0142a parafialnego przetrwa\u0142y II wojn\u0119 \u015bwiatow\u0105 i funkcjonuj\u0105 do dnia dzisiejszego. Niedawno poddano je gruntownemu remontowi, kt\u00f3rego koszty ponios\u0142a parafia. Wymieniono wszystkie membrany, oczyszczono piszcza\u0142ki, g\u0142osy poddano intonacji i strojeniu, wyregulowano mechanizmy, a szaf\u0119 instrumentu zaimpregnowano preparatem owadob\u00f3jczym. W przysz\u0142o\u015bci planowany jest remont kontuaru i renowacja g\u0142os\u00f3w j\u0119zyczkowych (w tym rekonstrukcja brakuj\u0105cego g\u0142osu Clarinette 8).<br \/>\nOd 1995 roku na tych organach graj\u0105 mistrzowie z ca\u0142ego \u015bwiata podczas Letniego Festiwalu Muzyki Organowej w Drezdenku.<\/p>\n<hr size=\"1\" \/>\n<p class=\"j\"><strong><span style=\"color: orange;\">Jaz klapowy<\/span><\/strong><\/p>\n<p class=\"c\"><a href=\"javascript:zamknij();displayWindow('Drezdenko\/jaz Drezdenko.jpg','519','357','Jaz klapowy')\"> <\/a><\/p>\n<p class=\"j\">W 1932-1938 zbudowano pewn\u0105 liczb\u0119 budowli pi\u0119trz\u0105cych na rzekach przecinaj\u0105cych pozycj\u0119 pomorsk\u0105 aby dodatkowo, poprzez zalanie terenu utrudni\u0107 przeciwnikowi dzia\u0142anie na przedpolu i prze\u0142amanie linii obronnych. Takie obiekty powsta\u0142y np. na Pi\u0142awie. Plany zak\u0142ada\u0142y jednak budow\u0119 urz\u0105dze\u0144 pi\u0119trz\u0105cych tak\u017ce na Noteci i Warcie. Jaz na Warcie ko\u0142o Gorzowa Wlkp. nigdy nie powsta\u0142, natomiast ko\u0142o Drezdenka na Noteci zbudowano najwi\u0119kszy jaz pi\u0119trz\u0105cy Wa\u0142u Pomorskiego. Note\u0107 to spora rzeka i przegrodzenie jej prostymi &#8220;zastawkami&#8221; jest niemo\u017cliwe zaprojektowano wi\u0119c jaz klapowy, kt\u00f3ry umo\u017cliwia\u0142 p\u0142ynne spi\u0119trzanie Noteci do ok 2 m ponad zwyk\u0142y jej poziom. By\u0142a to budowla imponuj\u0105ca jak na warunki Wa\u0142u Pomorskiego. Obejmowa\u0142a nie tylko sam\u0105 zapor\u0119 wodn\u0105 ze \u015bluz\u0105 \u017ceglugow\u0105 lecz tak\u017ce schrony bierne dla obs\u0142ugi jazu oraz jednosektorowe schrony bojowe broni\u0105ce pozycji. G\u0142\u00f3wne schrony jazu os\u0142aniaj\u0105ce mechanizmy podnoszenia klap s\u0105 najci\u0119\u017cszymi budowlami Wa\u0142u Pomorskiego, grubo\u015b\u0107 \u017celbetowych \u015bcian dochodzi tam do 3,5 m (odporno\u015b\u0107 A) a schronu dla za\u0142ogi do 1,5 m (odporno\u015b\u0107 B). Po wojnie wysadzono klapy jazu aby usprawni\u0107 \u017ceglug\u0119 ale pozostawiono w spokoju wszystkie schrony jazu, tyle szcz\u0119\u015bcia nie mia\u0142y o wiele mniejsze schrony bojowe, wszystkie wysadzono dosy\u0107 skutecznie.<\/p>\n","protected":false},"excerpt":{"rendered":"<p>miasto rodzinne Miasto w woj. lubuskim (powiat strzelecko-drezdenkowski), w Kotlinie Gorzowskiej, nad Noteci\u0105 &#8211; 10,7 tys. mieszka\u0144c\u00f3w (1998). Jeden z najstarszych p\u00f3\u0142nocnych grod\u00f3w obronnych na granicy z Pomorzem, wzmiankowany w 1098 roku (jako Drzen, obecna nazwa od XIX w.); w XII-XIII w. siedziba kasztelanii; prawa miejskie przed rokiem 1317; ok. 1296 roku opanowane przez Brandenburgie, [&hellip;]<\/p>\n","protected":false},"author":2,"featured_media":0,"parent":0,"menu_order":5,"comment_status":"open","ping_status":"open","template":"","meta":{"ngg_post_thumbnail":0,"footnotes":""},"class_list":["post-24","page","type-page","status-publish","hentry"],"_links":{"self":[{"href":"https:\/\/www.depo.pl\/index.php?rest_route=\/wp\/v2\/pages\/24","targetHints":{"allow":["GET"]}}],"collection":[{"href":"https:\/\/www.depo.pl\/index.php?rest_route=\/wp\/v2\/pages"}],"about":[{"href":"https:\/\/www.depo.pl\/index.php?rest_route=\/wp\/v2\/types\/page"}],"author":[{"embeddable":true,"href":"https:\/\/www.depo.pl\/index.php?rest_route=\/wp\/v2\/users\/2"}],"replies":[{"embeddable":true,"href":"https:\/\/www.depo.pl\/index.php?rest_route=%2Fwp%2Fv2%2Fcomments&post=24"}],"version-history":[{"count":2,"href":"https:\/\/www.depo.pl\/index.php?rest_route=\/wp\/v2\/pages\/24\/revisions"}],"predecessor-version":[{"id":408,"href":"https:\/\/www.depo.pl\/index.php?rest_route=\/wp\/v2\/pages\/24\/revisions\/408"}],"wp:attachment":[{"href":"https:\/\/www.depo.pl\/index.php?rest_route=%2Fwp%2Fv2%2Fmedia&parent=24"}],"curies":[{"name":"wp","href":"https:\/\/api.w.org\/{rel}","templated":true}]}}