
{"id":269,"date":"2010-01-03T16:51:14","date_gmt":"2010-01-03T15:51:14","guid":{"rendered":"http:\/\/www.depo.pl\/?page_id=269"},"modified":"2010-10-11T13:35:53","modified_gmt":"2010-10-11T12:35:53","slug":"kiedys-przeprowadzono-ze-mna-wywiad-o-radiostacji","status":"publish","type":"page","link":"https:\/\/www.depo.pl\/?page_id=269","title":{"rendered":"Kiedys  przeprowadzono ze mna wywiad o Radiostacji"},"content":{"rendered":"<p><a href=\"https:\/\/www.depo.pl\/wordpress\/wp-content\/uploads\/2010\/01\/Radiostacja-meeting-1.jpg\"><img loading=\"lazy\" decoding=\"async\" class=\"alignnone size-medium wp-image-272\" title=\"Radiostacja meeting 1\" src=\"https:\/\/www.depo.pl\/wordpress\/wp-content\/uploads\/2010\/01\/Radiostacja-meeting-1-300x154.jpg\" alt=\"\" width=\"300\" height=\"154\" srcset=\"https:\/\/www.depo.pl\/wordpress\/wp-content\/uploads\/2010\/01\/Radiostacja-meeting-1-300x154.jpg 300w, https:\/\/www.depo.pl\/wordpress\/wp-content\/uploads\/2010\/01\/Radiostacja-meeting-1.jpg 730w\" sizes=\"auto, (max-width: 300px) 100vw, 300px\" \/><\/a><\/p>\n<p>Justyn Depo W 1997 stworzy\u0142 kultow\u0105 stacj\u0119 z alternatywn\u0105 muzyk\u0105 &#8211; Radiostacj\u0119. Obecnie, kiedy rozg\u0142o\u015bnia nale\u017cy do koncernu Eurozet, pytamy czym by\u0142a RDST i co uwa\u017ca o obecnej.<\/p>\n<p><em>Kim jest i czym si\u0119 zajmuje Justyn Depo?<\/em><br \/>\nMam 53 lata, urodzi\u0142em si\u0119 w ma\u0142ym miasteczku pod Poznaniem. Studiowa\u0142em filologi\u0119 polsk\u0105 na Uniwersytecie im. A. Mickiewicza w Poznaniu, j\u0119zyk szwedzki na Uniwersytecie Sztokholmskim. Odby\u0142em r\u00f3wnie\u017c studia w Wy\u017cszej Szkole Nauczycielskiej w Sztokholmie. Z natury jestem samotnikiem, najlepiej czuj\u0119 si\u0119 w\u015br\u00f3d najbli\u017cszych mi os\u00f3b, kt\u00f3rym po\u015bwi\u0119cam du\u017co wolnego czasu. Opr\u00f3cz tego mam olbrzymi kr\u0105g znajomych. Mam dwie c\u00f3rki Berenik\u0119 i Natali\u0119, trzy koty i trzy psy. Po stworzeniu kilku firm w Szwecji i w Polsce,  po przepracowaniu kilkunastu lat w tempie 16 godzin na dob\u0119, \u0142\u0105cznie z niedzielami i \u015bwi\u0119tami, od dw\u00f3ch lat prowadz\u0119 spokojne \u017cycie, du\u017co przebywam na \u015bwie\u017cym powietrzu, chodz\u0119 na spacery z moimi seterami i hovawartem, czytam, s\u0142ucham muzyki i zajmuj\u0119 si\u0119 r\u00f3\u017cnymi dziwnymi rzeczami typu robienie nalewek i przygotowywanie d\u017cemu czekoladowo\u2013pomara\u0144czowego. Ceni\u0119 sobie spok\u00f3j i unikam stresu. Nie znaczy to jednak, \u017ce nie uczestnicz\u0119 w \u017cyciu zawodowym. Nowoczesne metody komunikacji umo\u017cliwiaj\u0105 prac\u0119 na dystans i moi rozm\u00f3wcy nawet nie podejrzewaj\u0105, ze powa\u017cne rozmowy prowadz\u0119 na spacerze po \u0142\u0105kach i w lesie, obserwuj\u0105c dziki, zaj\u0105ce czy sarny&#8230;<\/p>\n<p><em>Czym si\u0119 Pan interesuje, co robi Pan w wolnym czasie, jakie ksi\u0105\u017cki Pan czyta i jakie filmy ogl\u0105da?<\/em><br \/>\nStudiowa\u0142em filologi\u0119 polsk\u0105, dlatego te\u017c mam zawodowe zboczenie na punkcie ksi\u0105\u017cek. Na Wysp\u0119 Bezludn\u0105 obok ps\u00f3w zabra\u0142bym \u201dMistrza i Ma\u0142gorzat\u0119\u201d Bu\u0142hakowa i \u201eStary i Nowy testament\u201d. S\u0142ucham jazzu i bluesa, kt\u00f3ry pom\u00f3g\u0142 mi przetrwa\u0107 najtrudniejsze chwile mojego \u017cycia. Moja kolekcja p\u0142yt liczy kilkaset pozycji. Ulubiona p\u0142yta to w\u0142asnor\u0119cznie skomponowana bardzo obszerna sk\u0142adanka muzyki z Islandii. Nie muzyki islandzkiej, tylko w\u0142a\u015bnie artyst\u00f3w islandzkich jak Ske, Kimono, Runk, Mugison, Eivor Palsdottir \u2013 ona jest z Wysp Owczych, ale za\u0142apa\u0142a si\u0119 na moja sk\u0142adank\u0119. I druga, r\u00f3wnie\u017c w\u0142asnor\u0119cznie wyszperana sk\u0142adanka rocka bia\u0142oruskiego. Poza tym uwielbiam podr\u00f3\u017cowa\u0107 i dobrze zje\u015b\u0107.<\/p>\n<p><em>Sk\u0105d wzi\u0105\u0142 si\u0119 pomys\u0142 na alternatywne radio m\u0142odzie\u017cowe i jak powsta\u0142a RDST?<\/em><br \/>\nPomys\u0142 radia m\u0142odzie\u017cowego powsta\u0142 podczas podr\u00f3\u017cy mojego przyjaciela J\u00f6rgena i mojej z Warszawy do Krakowa w czerwcu 1997, kiedy z du\u017c\u0105 niech\u0119ci\u0105 s\u0142uchali\u015bmy nudnych polskich stacji radiowych. W Krakowie wiedzieli\u015bmy ju\u017c, ze jest nisza &#8211; radio dla m\u0142odzie\u017cy graj\u0105ce now\u0105, niezgran\u0105 muzyk\u0119. Podj\u0105\u0142em si\u0119 zadania stworzenia takiej stacji. We wsp\u00f3\u0142pracy z norweskim radiem P4 Hele Norge i Zwi\u0105zkiem Harcerstwa Polskiego na bazie Rozg\u0142o\u015bni Harcerskiej, nadaj\u0105cej od 42 lat, zacz\u0105\u0142em tworzy\u0107 nowe, alternatywne radio, nawi\u0105zuj\u0105ce do najlepszych tradycji RH oraz si\u0119gaj\u0105ce po najnowsz\u0105 muzyk\u0119. Has\u0142em naszym sta\u0142o si\u0119: &#8220;gramy najlepsze z najnowszych i to, co jest grane w Radiostacji, b\u0119dzie mo\u017ce g\u0142o\u015bne za rok lub dwa&#8221;.<\/p>\n<p><em>Kto tworzy\u0142 Radiostacj\u0119 i jakie by\u0142y jej g\u0142\u00f3wne za\u0142o\u017cenia?<\/em><br \/>\nNa pocz\u0105tku do ekipy do\u0142\u0105czyli: Martyna Janiszewska, kt\u00f3ra zaj\u0119\u0142a si\u0119 finansami, Pawe\u0142 Sito, kt\u00f3ry zosta\u0142 dyrektorem programowym oraz Grze\u015b Hoffman, kt\u00f3ry obj\u0105\u0142 stanowisko dyrektora muzycznego. Ta tr\u00f3jka: Martyna, Pawe\u0142, Grzesiu wraz ze mn\u0105 zacz\u0119\u0142a tworzy\u0107 ju\u017c now\u0105 stacj\u0119, kt\u00f3r\u0105 nazwali\u015bmy Radiostacj\u0105. Opr\u00f3cz tego zesp\u00f3\u0142 tworzy\u0142o ponad 80 os\u00f3b, g\u0142\u00f3wnie w wieku licealnym, kt\u00f3rych celem by\u0142o stworzenie najbardziej alternatywnego i m\u0142odzie\u017cowego radia w Polsce. Muzyka by\u0142a dla nich wszystkim, byli dynamiczni i grali agresywn\u0105 muzyk\u0119, kt\u00f3rej nie mo\u017cna by\u0142o znale\u017a\u0107 nigdzie indziej.<\/p>\n<p><em>Jak Radiostacja by\u0142a odbierana przez s\u0142uchaczy?<\/em><br \/>\nPrezenterzy nie traktowali s\u0142uchaczy jako tych gorszych, przeciwnie &#8211; stawiali na kontakt, dlatego u\u017cywali\u015bmy e-maili, telefonu i innych metod interakcji. Na antenie poruszali\u015bmy wszelkiego rodzaju tematy, kt\u00f3re warte by\u0142y om\u00f3wienia. Radiostacja zdoby\u0142a zaufanie m\u0142odych s\u0142uchaczy autentyzmem i spontaniczno\u015bci\u0105, zaskakiwa\u0142a nie tylko muzyk\u0105, ale i sposobem prowadzenia audycji. Wielu z nich na pytanie, jakiego radia s\u0142ucha, odpowiada\u0142o: &#8220;Radiostacji &#8211; A je\u015bli jej nie ma, to p\u0142yt&#8221;. Zacytuj\u0119 jednego maila, jakiego dosta\u0142em niedawno, doskonale oddaj\u0105cego to, czym by\u0142a RDST kiedy\u015b:<\/p>\n<p>&#8230;&#8230;Jestem pe\u0142en podziwu dla Pana projektu, jakim BY\u0141A radiostacja. Pami\u0119tam te czasy.. Wtedy jeszcze nie mo\u017cna jej by\u0142o odbiera\u0107 w moim rodzinnym mie\u015bcie &#8211; Zielonej G\u00f3rze, wi\u0119c kupowa\u0142em kasety i wysy\u0142a\u0142em znajomym studentom do Wroc\u0142awia aby nagrywali mi audycje!! obecni w\u0142a\u015bciciele\/dyrektorzy programowi (jakkolwiek ich zwa\u0107) plami\u0105 nazw\u0119 tej kultowej stacji i uwa\u017cam, \u017ce powinni\u015bmy (my: byli s\u0142uchacze i pomys\u0142odawcy, za\u0142o\u017cyciele stacji) wystosowa\u0107 jaki\u015b protest, nakaza\u0107 zmian\u0119 nazwy lub cokolwiek co sprawi\u0142oby aby nazwa &#8216;radiostacja&#8217; nie kojarzy\u0142a si\u0119 z tym, czym jest obecnie.<br \/>\nPozdrawiam i \u017cycz\u0119 sukces\u00f3w&#8230;<\/p>\n<p><em>Co opr\u00f3cz muzyki mo\u017cna by\u0142o znale\u017a\u0107 na antenie?<\/em><br \/>\nPrzede wszystkim dyskusje na nurtuj\u0105ce tematy, jak np. antykoncepcja czy profilaktyka przeciw AIDS. Radiostacja mia\u0142a za zadanie rozwija\u0107 \u015bwiatopogl\u0105d s\u0142uchaczy. Np. codziennie rano i po po\u0142udniu pojawia\u0142y si\u0119 kr\u00f3tkie analizy polityczno &#8211; spo\u0142eczno &#8211; cywilizacyjne &#8220;Filozof poranny&#8221; i &#8220;Si\u0119 dzieje&#8221; ucz\u0105ce obiektywnego spojrzenia na otaczaj\u0105c\u0105 rzeczywisto\u015b\u0107. Opr\u00f3cz tego uczyli\u015bmy angielskiego na podstawie tekst\u00f3w piosenek, podawali\u015bmy informacje o ciekawych imprezach, wydarzeniach i filmach, kt\u00f3re warto obejrze\u0107.<\/p>\n<p><em>Dlaczego Radiostacja zmieni\u0142a profil?<\/em><br \/>\nSpowodowane by\u0142o to k\u0142opotami, w jakie rozg\u0142o\u015bnia wpad\u0142a w 1999, kiedy norweski inwestor powiedzia\u0142 \u201edo\u015b\u0107, wycofujemy si\u0119\u201d. Krajowa Rada Radiofonii i Telewizji podpuszczana przez konkurencj\u0119, wszcz\u0119\u0142a post\u0119powanie o odebranie koncesji . Tylko dzi\u0119ki uporowi mojemu i reszty za\u0142ogi oraz wsparciu s\u0142uchaczy i osobisto\u015bci \u015bwiata polityki i artyst\u00f3w radio nie zosta\u0142o zamkni\u0119te. Radiostacja zosta\u0142a przej\u0119ta przez koncern Eurozet (w\u0142a\u015bciciel Radia Zet przyp. red), kt\u00f3ry jako jedyny gwarantowa\u0142 zachowanie m\u0142odzie\u017cowego profilu stacji. Niestety, po zmianach dokonanych po moim odej\u015bciu, po zmianie dyrektora programowego i muzycznego, jako\u015b\u0107 audycji spad\u0142a, dostosowuj\u0105c si\u0119 do wymaga\u0144 mniej wymagaj\u0105cych s\u0142uchaczy. Kiedy startowa\u0142em z RDST, gra\u0142a ona muzyk\u0119, kt\u00f3rej nie rozumia\u0142em. Kiedy odchodzi\u0142em, muzyka m\u0142odzie\u017cy by\u0142a moj\u0105 muzyk\u0105. Sam dostarcza\u0142em p\u0142yt Grzesiowi i \u201eodm\u0142odzi\u0142em\u201d si\u0119 muzycznie. Czasem Szyd\u0142o czy Wojtek Appel docenili p\u0142yty przywiezione przeze mnie z woja\u017cy i pu\u015bcili jeden czy dwa utwory. Bardzo si\u0119 z tego cieszy\u0142em. Dzisiaj mam w telefonie playera MP3 i sam nagrywam sobie r\u00f3\u017cne nowo\u015bci, \u017ceby tylko nie s\u0142ucha\u0107 szmiry muzycznej p\u0142yn\u0105cej z eteru. (Utw\u00f3r, nawet dobry, grany do znudzenia, staje si\u0119 szmir\u0105).<\/p>\n<p><em>Co sta\u0142o si\u0119 z dotychczasowymi prezenterami? Gdzie teraz s\u0105 i co robi\u0105?<\/em><br \/>\nDzi\u0119ki do\u015bwiadczeniom zdobytym w Radiostacji, wielu prezenter\u00f3w posz\u0142o \u201ew \u015bwiat\u201d do innych medi\u00f3w, jak np. do TVP1 czy MTV. Obecnie du\u017ca cze\u015b\u0107 by\u0142ych pracownik\u00f3w rozg\u0142o\u015bni pracuje w radiu Jazz lub polskim radiu Bis. Agnieszka Szyd\u0142owska \u2013 z kt\u00f3rej jestem zawsze bardzo dumny &#8211; sta\u0142a si\u0119 podpor\u0105 Tr\u00f3jki. Szajewski, budz\u0105cy niegdy\u015b rano krzykiem s\u0142uchaczy, prowadzi jaki\u015b zesp\u00f3\u0142 we Wroc\u0142awiu&#8230;<\/p>\n<p><em>Co Pan my\u015bli o nowej Radiostacji i jak Pan por\u00f3wnuje j\u0105 ze star\u0105?<\/em><br \/>\nUwa\u017cam, \u017ce Eurozet zmarnowa\u0142 ca\u0142kowicie koncept radia. Strzelili sobie gola do w\u0142asnej bramki, podobnie zreszt\u0105 jak wy\u0142o\u017cyli si\u0119 z Radiem Zet. Nie s\u0142ucham Radiostacji od dawna. Muzyka mia\u0142ka, papka dla leniwych, mizdrz\u0105ce si\u0119 radio z jakim zawsze walczyli\u015bmy. A\u017c szkoda, \u017ce szefostwu Eurozetu zabrak\u0142o wyobra\u017ani. Tego si\u0119 nie spodziewa\u0142em, kiedy zaczyna\u0142em z nimi rozmowy. Mogli mie\u0107 kultowe, pyszne i warto\u015bciowe radio, a zepsuli je totalnie. \u017be nie powiem gorzej&#8230;<\/p>\n<p><em>Czy uwa\u017ca Pan, ze znowu brakuje alternatywnej rozg\u0142o\u015bni dla m\u0142odzie\u017cy?<\/em><br \/>\nBrakuje&#8230;radia, kt\u00f3re mia\u0142oby odwag\u0119 i\u015b\u0107 pod pr\u0105d. \u017beby na playli\u015bcie nie by\u0142o Top 40 i siedemset razy tego samego utworu Tiny Turner (kt\u00f3r\u0105 nawet lubi\u0119) czy innej ikony. Brakuje radia, kt\u00f3re oferowa\u0142oby podr\u00f3\u017ce muzyczne w inne obszary ani\u017celi Top 20, 40 czy 100 (dalej nie si\u0119ga granica wyobra\u017ani szef\u00f3w muzycznych polskich stacji radiowych. A p\u00f3\u017aniej bran\u017ca narzeka, ze p\u0142yty si\u0119 nie sprzedaj\u0105). Je\u015bli si\u0119 odbiorcom nie przedstawi nowo\u015bci, to sk\u0105d maj\u0105 wiedzie\u0107, \u017ce jest inna muzyka? Kiedy czytam, \u017ce wydano encyklopedi\u0119 hip-hopu, to zastanawiam si\u0119, gdzie s\u0105 ci wszyscy, kt\u00f3rzy chcieli nas kara\u0107 odebraniem koncesji za granie hip-hopu?<br \/>\nI zastanawiam si\u0119, co Grzesiu Hoffman gra\u0142by dzisiaj w RDST? Jakie smako\u0142yki muzyczne przynosiliby do did\u017cejki Szyd\u0142o, Simba, DJ Perez, Makak, DJ Bigos czy radio NRD &#8211; nie mog\u0119 wymieni\u0107 wszystkich z dawnego Zespo\u0142u, ale to oni tworzyli klimat RDST. Tak, brakuje radia \u201e innego\u201d.<\/p>\n<p><em>Czy ma Pan jakie\u015b plany zwi\u0105zane z rozg\u0142o\u015bniami w Polsce?<\/em><br \/>\nJe\u015bli kto\u015b mnie b\u0119dzie potrzebowa\u0142, to jestem do dyspozycji. My\u015bl\u0119, \u017ce jeszcze si\u0119 nie wypali\u0142em. \ud83d\ude42<br \/>\n<strong>Pawe\u0142 Ufnalewski<\/strong><\/p>\n","protected":false},"excerpt":{"rendered":"<p>Justyn Depo W 1997 stworzy\u0142 kultow\u0105 stacj\u0119 z alternatywn\u0105 muzyk\u0105 &#8211; Radiostacj\u0119. Obecnie, kiedy rozg\u0142o\u015bnia nale\u017cy do koncernu Eurozet, pytamy czym by\u0142a RDST i co uwa\u017ca o obecnej. Kim jest i czym si\u0119 zajmuje Justyn Depo? Mam 53 lata, urodzi\u0142em si\u0119 w ma\u0142ym miasteczku pod Poznaniem. Studiowa\u0142em filologi\u0119 polsk\u0105 na Uniwersytecie im. A. Mickiewicza w [&hellip;]<\/p>\n","protected":false},"author":2,"featured_media":0,"parent":0,"menu_order":3,"comment_status":"open","ping_status":"open","template":"","meta":{"ngg_post_thumbnail":0,"footnotes":""},"class_list":["post-269","page","type-page","status-publish","hentry"],"_links":{"self":[{"href":"https:\/\/www.depo.pl\/index.php?rest_route=\/wp\/v2\/pages\/269","targetHints":{"allow":["GET"]}}],"collection":[{"href":"https:\/\/www.depo.pl\/index.php?rest_route=\/wp\/v2\/pages"}],"about":[{"href":"https:\/\/www.depo.pl\/index.php?rest_route=\/wp\/v2\/types\/page"}],"author":[{"embeddable":true,"href":"https:\/\/www.depo.pl\/index.php?rest_route=\/wp\/v2\/users\/2"}],"replies":[{"embeddable":true,"href":"https:\/\/www.depo.pl\/index.php?rest_route=%2Fwp%2Fv2%2Fcomments&post=269"}],"version-history":[{"count":8,"href":"https:\/\/www.depo.pl\/index.php?rest_route=\/wp\/v2\/pages\/269\/revisions"}],"predecessor-version":[{"id":812,"href":"https:\/\/www.depo.pl\/index.php?rest_route=\/wp\/v2\/pages\/269\/revisions\/812"}],"wp:attachment":[{"href":"https:\/\/www.depo.pl\/index.php?rest_route=%2Fwp%2Fv2%2Fmedia&parent=269"}],"curies":[{"name":"wp","href":"https:\/\/api.w.org\/{rel}","templated":true}]}}