
{"id":31,"date":"2008-01-22T15:48:52","date_gmt":"2008-01-22T13:48:52","guid":{"rendered":"http:\/\/www.depo.pl\/wordpress\/?page_id=31"},"modified":"2008-01-22T15:56:51","modified_gmt":"2008-01-22T13:56:51","slug":"travel","status":"publish","type":"page","link":"https:\/\/www.depo.pl\/?page_id=31","title":{"rendered":"Travel"},"content":{"rendered":"<h1>G D Z I E   B Y \u0141 E M<\/h1>\n<hr align=\"center\" color=\"gray\" size=\"1\" width=\"98%\" \/>\n<table align=\"center\" border=\"0\" height=\"4\" width=\"864\">\n<tr>\n<td width=\"10%\">&nbsp;<\/td>\n<td width=\"80%\">&nbsp;<\/td>\n<td class=\"dolr\" width=\"9%\"><a href=\"https:\/\/www.depo.pl\/Depo\/podroze.html#dol\"><\/a><\/td>\n<\/tr>\n<\/table>\n<p class=\"j\">Niekt\u00f3re z miejsc, jakie zwiedzi\u0142em  podczas licznych wypraw, cz\u0119sto niespodziewanych, pod  wp\u0142ywem chwili, zawsze organizowanych na w\u0142asn\u0105 r\u0119k\u0119, bez  po\u015brednictwa biur podro\u017cy. W ci\u0105gu 15 lat przejecha\u0142em  samochodem ca 3.000.000 kilometr\u00f3w. Prze\u017cy\u0142em 40 stopni mrozu  na p\u00f3\u0142nocy Szwecji, oraz upa\u0142 40 stopni w Turcji. Zjecha\u0142em  samochodem Izrael, odwiedzaj\u0105c miejsca kultur  chrze\u015bcija\u0144skiej, \u017cydowskiej i arabskiej. Przeszed\u0142em Golgot\u0119  prawie dwa tysi\u0105ce lat po Chrystusie. Jad\u0142em barracud\u0119 w  ruinach Ceasarei. P\u0142ywa\u0142em w Morzu Martwym. W Hiszpanii  przejecha\u0142em samochodem ca 3500 km, zatrzymuj\u0105c si\u0119 w  najbardziej nieprawdopodobnych miejscach, kt\u00f3re mnie  fascynowa\u0142y urod\u0105. Alhambra w Granadzie wraz z ogrodami  zadziwi\u0142a mnie swym pi\u0119knem. Toledo oszo\u0142omi\u0142o przemieszaniem  kultur \u017cydowskiej, arabskiej, chrze\u015bcija\u0144skiej. \u017bycie nocne  Madrytu przekona\u0142o mnie, \u017ce prawd\u0105 jest powiedzenie: \u017bycie jak  w Madrycie &#8211; zaczyna si\u0119 o 24 tej, ko\u0144czy 5-6 rano. Gibraltar  i ma\u0142py w Gibraltarze te\u017c znalaz\u0142y si\u0119 w programie jednej z  wypraw. Przyl\u0105dek Trafalgar ogl\u0105da\u0142em, pogryzaj\u0105c grilowane  kalmary. Kadyks \u2013 najstarsze miasto Europy, rozczarowa\u0142  mnie  bardzo. Odwiedzi\u0142em Luxemburg, Lichtenstein, Szwajcari\u0119. W  Trewirze, najstarszym mie\u015bcie Niemiec, popijaj\u0105c delikatne  wino re\u0144skie, podziwia\u0142em Porta Nigru z czas\u00f3w rzymskich.  Wiede\u0144 przeszed\u0142em wzd\u0142u\u017c i wszerz w ci\u0105gu kilku dni. W  Budapeszcie by\u0142em 3 razy, urzeczony pi\u0119knem i termami.  Bratys\u0142awa dwa razy znalaz\u0142a si\u0119 na trasach podro\u017cy. O  Pradze mog\u0119 d\u0142ugo opowiada\u0107 &#8211; powiem kr\u00f3tko: jest cudowna.  Berlin zwiedza\u0142em nie raz, by\u0142em po jednej, po drugiej stronie w  czasach, kiedy Niemcy by\u0142y podzielone. Oslo \u2013 to jedno z  miast, gdzie chcia\u0142bym mieszka\u0107. Helsinki, Kopenhaga, Ryga to  inne miasta Europy, jakie zwiedzi\u0142em. W Mariehamn, stolicy  autonomicznych wysp \u00c5landzkich, by\u0142em kilka razy. Londyn i  Pary\u017c nie podoba\u0142y mi si\u0119, by\u0142y zbyt du\u017ce, przyt\u0142aczaj\u0105ce.  By\u0142em te\u017c w Zurichu, Bazylei, Freiburgu, Heidelbergu,  Strassbourgu. Dwa kraje zje\u017adzi\u0142em i zwiedzi\u0142em wzd\u0142u\u017c i wszerz,  lecz nadal odkrywam nowe cudowne miejsca. Mowa o Szwecji oraz  Polsce. Zrealizowa\u0142em marzenie wielu lat \u2013 by\u0142em  dwukrotnie w Islandii,  przeje\u017cd\u017caj\u0105c samochodem kilkaset kilometr\u00f3w. Dotar\u0142em nawet  za Ko\u0142o Polarne. (Zostaje wyprawa na r\u00f3wnik). Planuj\u0119  przejazd Norwegii wzd\u0142u\u017c fiord\u00f3w, podr\u00f3\u017ce na Nordkapp, do  Meksyku, na Kub\u0119, kraje Ameryki \u0141aci\u0144skiej.<\/p>\n<p class=\"j\">Jedne z najlepszych przewodnik\u00f3w podr\u00f3\u017cnych.  Korzystam z nich cz\u0119sto, przygotowuj\u0105c podr\u00f3\u017ce:<\/p>\n<table align=\"center\" border=\"0\" width=\"750\">\n<tr>\n<td>\n<li><a href=\"http:\/\/www.lonelyplanet.com\/destinations\/\" target=\"_blank\"><strong>Lonely Planet<\/strong><\/a><\/li>\n<li><a href=\"http:\/\/travel.discovery.com\/destinations\/main.html\" target=\"_blank\"><strong>Discovery &#8211; Travel Channel<\/strong><\/a><\/li>\n<li><a href=\"http:\/\/travel.roughguides.com\/\" target=\"_blank\"><strong>Rough Travel Guides<\/strong><\/a><\/li>\n<li><a href=\"http:\/\/pascal.onet.pl\/\" target=\"_blank\"><strong>Przewodniki Pascala<\/strong><\/a><\/li>\n<\/td>\n<\/tr>\n<\/table>\n","protected":false},"excerpt":{"rendered":"<p>G D Z I E B Y \u0141 E M &nbsp; &nbsp; Niekt\u00f3re z miejsc, jakie zwiedzi\u0142em podczas licznych wypraw, cz\u0119sto niespodziewanych, pod wp\u0142ywem chwili, zawsze organizowanych na w\u0142asn\u0105 r\u0119k\u0119, bez po\u015brednictwa biur podro\u017cy. W ci\u0105gu 15 lat przejecha\u0142em samochodem ca 3.000.000 kilometr\u00f3w. Prze\u017cy\u0142em 40 stopni mrozu na p\u00f3\u0142nocy Szwecji, oraz upa\u0142 40 stopni w [&hellip;]<\/p>\n","protected":false},"author":2,"featured_media":0,"parent":0,"menu_order":20,"comment_status":"open","ping_status":"open","template":"","meta":{"ngg_post_thumbnail":0,"footnotes":""},"class_list":["post-31","page","type-page","status-publish","hentry"],"_links":{"self":[{"href":"https:\/\/www.depo.pl\/index.php?rest_route=\/wp\/v2\/pages\/31","targetHints":{"allow":["GET"]}}],"collection":[{"href":"https:\/\/www.depo.pl\/index.php?rest_route=\/wp\/v2\/pages"}],"about":[{"href":"https:\/\/www.depo.pl\/index.php?rest_route=\/wp\/v2\/types\/page"}],"author":[{"embeddable":true,"href":"https:\/\/www.depo.pl\/index.php?rest_route=\/wp\/v2\/users\/2"}],"replies":[{"embeddable":true,"href":"https:\/\/www.depo.pl\/index.php?rest_route=%2Fwp%2Fv2%2Fcomments&post=31"}],"version-history":[{"count":0,"href":"https:\/\/www.depo.pl\/index.php?rest_route=\/wp\/v2\/pages\/31\/revisions"}],"wp:attachment":[{"href":"https:\/\/www.depo.pl\/index.php?rest_route=%2Fwp%2Fv2%2Fmedia&parent=31"}],"curies":[{"name":"wp","href":"https:\/\/api.w.org\/{rel}","templated":true}]}}