
{"id":8,"date":"2008-01-01T20:54:53","date_gmt":"2008-01-01T18:54:53","guid":{"rendered":"http:\/\/www.depo.pl\/wordpress\/?page_id=8"},"modified":"2009-11-01T23:35:42","modified_gmt":"2009-11-01T22:35:42","slug":"radiostacja-jaka-byla","status":"publish","type":"page","link":"https:\/\/www.depo.pl\/?page_id=8","title":{"rendered":"Radiostacja &#8211; jaka byla"},"content":{"rendered":"<h1>R A D I O S T A C J A<\/h1>\n<h2>H I S T O R I A<\/h2>\n<hr size=\"1\" \/>\n<table style=\"height: 24px;\" border=\"0\" width=\"752\" align=\"center\">\n<tbody>\n<tr>\n<td width=\"10%\"><\/td>\n<td width=\"80%\"><\/td>\n<td class=\"dolr\" width=\"9%\"><\/td>\n<td width=\"1%\"><\/td>\n<\/tr>\n<\/tbody>\n<\/table>\n<h3>Gramy najlepsze z najnowszych<\/h3>\n<h3>TAK OPISYWALI\u015aMY RADIOSTACJ\u0118, KIEDY J\u0104 TWORZYLI\u015aMY. MIELI\u015aMY  WIZJ\u0118 I CEL: \u017bEBY STA\u0141A SI\u0118 NAJLEPSZYM RADIEM W<span lang=\"en\"> <\/span>POLSCE. W  CI\u0104GU DW\u00d3CH LAT NASZE MARZENIE SI\u0118 ZREALIZOWA\u0141O. ZA TO, CO  SI\u0118 STA\u0141O P\u00d3\u0179NIEJ, PO ROZSTANIU Z<span lang=\"en\"> <\/span>NASZYM DZIE\u0141EM, MY JAKO  ZESP\u00d3\u0141 NIE PONOSIMY JU\u017b ODPOWIEDZIALNO\u015aCI.<\/h3>\n<hr size=\"1\" \/>\n<p class=\"c\"><a href=\"javascript:zamknij();displayWindow('Justyn\/Nagroda Specjalna.jpg','378','550','Nagroda Specjalna Jury')\"> <\/a><\/p>\n<p class=\"c\"><strong>Radiostacja<\/strong> powsta\u0142a z przekory, \u017ce to si\u0119 nie mo\u017ce uda\u0107.<\/p>\n<p class=\"c\"><img loading=\"lazy\" decoding=\"async\" class=\"alignnone size-medium wp-image-149\" title=\"Ruiny\" src=\"https:\/\/www.depo.pl\/wordpress\/wp-content\/uploads\/2008\/01\/Ruiny-300x204.jpg\" alt=\"Ruiny\" width=\"300\" height=\"204\" srcset=\"https:\/\/www.depo.pl\/wordpress\/wp-content\/uploads\/2008\/01\/Ruiny-300x204.jpg 300w, https:\/\/www.depo.pl\/wordpress\/wp-content\/uploads\/2008\/01\/Ruiny.jpg 726w\" sizes=\"auto, (max-width: 300px) 100vw, 300px\" \/><\/p>\n<p class=\"c\">\n<p class=\"c\"><a href=\"javascript:zamknij();displayWindow('Radiostacja\/Kreatywne osoby.jpg','522','654','Og%C5%82oszenie - Kreatywne osoby')\"> <\/a> <a href=\"javascript:zamknij();displayWindow('Radiostacja\/Nie lubisz.jpg','566','718','Og%C5%82oszenie - Nie ...')\"> <\/a> <a href=\"javascript:zamknij();displayWindow('Radiostacja\/Nasza nisza Rdst.jpg','391','550','Nasza nisza')\"> <\/a><img loading=\"lazy\" decoding=\"async\" class=\"alignnone size-medium wp-image-144\" title=\"ramufka podglad (2)\" src=\"https:\/\/www.depo.pl\/wordpress\/wp-content\/uploads\/2008\/01\/ramufka-podglad-2-300x217.jpg\" alt=\"ramufka podglad (2)\" width=\"300\" height=\"217\" srcset=\"https:\/\/www.depo.pl\/wordpress\/wp-content\/uploads\/2008\/01\/ramufka-podglad-2-300x217.jpg 300w, https:\/\/www.depo.pl\/wordpress\/wp-content\/uploads\/2008\/01\/ramufka-podglad-2-1024x743.jpg 1024w, https:\/\/www.depo.pl\/wordpress\/wp-content\/uploads\/2008\/01\/ramufka-podglad-2.jpg 1808w\" sizes=\"auto, (max-width: 300px) 100vw, 300px\" \/><\/p>\n<p class=\"c\"><a href=\"javascript:zamknij();displayWindow('Radiostacja\/Statuetka2.jpg','320','240','Statuetka')\"> <\/a> <a href=\"javascript:zamknij();displayWindow('Radiostacja\/Letter from people from Radiostacja.jpg','451','550','Adres')\"> <\/a> <a href=\"javascript:zamknij();displayWindow('Radiostacja\/Statuetka.jpg','320','240','Statuetka')\"> <\/a><\/p>\n<p class=\"j\"><strong>Radiostacja<\/strong> &#8211; najbardziej dynamiczne i  najbardziej m\u0142odzie\u017cowe radio w Polsce. Nadawa\u0142a w Warszawie,  Poznaniu, Gda\u0144sku, Gdyni, Wroc\u0142awiu i Rzeszowie, p\u00f3\u017aniej  jeszcze otrzyma\u0142a koncesje na Krak\u00f3w.<\/p>\n<p class=\"j\"><img loading=\"lazy\" decoding=\"async\" class=\"alignnone size-medium wp-image-119\" title=\"mapka zasiegow Radiosatcji\" src=\"https:\/\/www.depo.pl\/wordpress\/wp-content\/uploads\/2008\/01\/mapka-zasiegow-Radiosatcji-300x284.jpg\" alt=\"mapka zasiegow Radiosatcji\" width=\"300\" height=\"284\" srcset=\"https:\/\/www.depo.pl\/wordpress\/wp-content\/uploads\/2008\/01\/mapka-zasiegow-Radiosatcji-300x284.jpg 300w, https:\/\/www.depo.pl\/wordpress\/wp-content\/uploads\/2008\/01\/mapka-zasiegow-Radiosatcji.jpg 910w\" sizes=\"auto, (max-width: 300px) 100vw, 300px\" \/><\/p>\n<p class=\"j\">\n<p class=\"j\"><strong>Pomys\u0142<\/strong> radia m\u0142odzie\u017cowego powsta\u0142 podczas  podro\u017cy mojego przyjaciela J\u00f6rgena i mojej z Warszawy do  Krakowa w czerwcu 97. Podczas podro\u017cy z   du\u017c\u0105 niech\u0119ci\u0105 s\u0142uchali\u015bmy nudnych polskich stacji radiowych. W\u00a0Krakowie  wiedzieli\u015bmy ju\u017c, ze jest nisza &#8211; radio dla m\u0142odzie\u017cy  graj\u0105ce now\u0105, niezgran\u0105 muzyk\u0119. Podj\u0105\u0142em si\u0119 zadania  stworzenia takiego radia. We wsp\u00f3\u0142pracy z norweskim radiem P 4 Hele Norge i Zwi\u0105zkiem Harcerstwa Polskiego na bazie  Rozg\u0142o\u015bni Harcerskiej, z tradycjami od 42 roku, zacz\u0105\u0142em  tworzy\u0107 nowe, alternatywne radio, nawi\u0105zuj\u0105ce do najlepszych  tradycji RH oraz si\u0119gaj\u0105ce po najnowsz\u0105 muzyk\u0119. Has\u0142em  naszym sta\u0142o si\u0119: &#8220;gramy najlepsze z najnowszych i co jest  grane w Radiostacji, mo\u017ce b\u0119dzie g\u0142o\u015bne za rok lub dwa&#8221;.<\/p>\n<p class=\"j\">Budowa\u0142em stacje od zera. Wyburzy\u0142em \u015bciany,  stworzy\u0142em otwarte przestrzenie, pomalowa\u0142em na ciep\u0142y pomara\u0144czowy kolor.<\/p>\n<p class=\"j\">I szuka\u0142em\u00a0 &#8220;kreatywnych os\u00f3b do radia&#8221;.<\/p>\n<p class=\"j\"><img loading=\"lazy\" decoding=\"async\" class=\"alignnone size-full wp-image-111\" title=\"Kreatywne osoby\" src=\"https:\/\/www.depo.pl\/wordpress\/wp-content\/uploads\/2008\/01\/Kreatywne-osoby.jpg\" alt=\"Kreatywne osoby\" width=\"566\" height=\"656\" srcset=\"https:\/\/www.depo.pl\/wordpress\/wp-content\/uploads\/2008\/01\/Kreatywne-osoby.jpg 566w, https:\/\/www.depo.pl\/wordpress\/wp-content\/uploads\/2008\/01\/Kreatywne-osoby-258x300.jpg 258w\" sizes=\"auto, (max-width: 566px) 100vw, 566px\" \/><\/p>\n<p class=\"c\"><a href=\"javascript:zamknij();displayWindow('Radiostacja\/Martyna rozmowa 3.jpg','320','240','Martyna Janiszewska')\"> <\/a><\/p>\n<p class=\"j\">Martyna Janiszewska zacz\u0119\u0142a prace ze mn\u0105  jako pierwsza. Jak sama stwierdzi\u0142a, zaj\u0119\u0142a si\u0119 prac\u0105 w  ksi\u0119gowo\u015bci dla pieni\u0119dzy, gdy\u017c z filmoznawstwa nie mo\u017cna  wy\u017cy\u0107. Zosta\u0142a rzucona na g\u0142\u0119bok\u0105 wod\u0119 i mam nadzieje, \u017ce  nigdy nie b\u0119dzie \u017ca\u0142owa\u0142a decyzji zwi\u0105zania si\u0119 z  projektem. Jestem przekonany, \u017ce za lat kilka mo\u017ce  samodzielnie pracowa\u0107 jako dyrektor finansowy du\u017cego przedsi\u0119wzi\u0119cia.<\/p>\n<p class=\"j\"><img loading=\"lazy\" decoding=\"async\" class=\"alignnone size-full wp-image-126\" title=\"Martyna w rozmowie\" src=\"https:\/\/www.depo.pl\/wordpress\/wp-content\/uploads\/2008\/01\/Martyna-w-rozmowie.jpg\" alt=\"Martyna w rozmowie\" width=\"320\" height=\"240\" srcset=\"https:\/\/www.depo.pl\/wordpress\/wp-content\/uploads\/2008\/01\/Martyna-w-rozmowie.jpg 320w, https:\/\/www.depo.pl\/wordpress\/wp-content\/uploads\/2008\/01\/Martyna-w-rozmowie-300x225.jpg 300w\" sizes=\"auto, (max-width: 320px) 100vw, 320px\" \/><\/p>\n<p class=\"c\"><a href=\"javascript:zamknij();displayWindow('Radiostacja\/sito_justyn.jpg','500','340','Pawe%C5%82 Sito i Justyn')\"> <\/a><\/p>\n<p class=\"j\">P\u00f3\u017aniej doszed\u0142 Pawe\u0142 Sito, wybrany spo\u015br\u00f3d kilku  kandydat\u00f3w. Na pocz\u0105tku mia\u0142em troch\u0119 w\u0105tpliwo\u015bci, ale  szybko przekona\u0142em si\u0119, \u017ce jest prawdziwym &#8220;radiot\u0105&#8221; i  radio jest dla niego najwa\u017cniejsze. Podoba\u0142a mi si\u0119 jego  koncepcja i uparty charakter. Lubi\u0119 ludzi kwestionuj\u0105cych  autorytety a do takich nale\u017cy Pawe\u0142.<\/p>\n<p class=\"j\"><img loading=\"lazy\" decoding=\"async\" class=\"alignnone size-full wp-image-157\" title=\"SITO\" src=\"https:\/\/www.depo.pl\/wordpress\/wp-content\/uploads\/2008\/01\/SITO.jpg\" alt=\"SITO\" width=\"320\" height=\"240\" srcset=\"https:\/\/www.depo.pl\/wordpress\/wp-content\/uploads\/2008\/01\/SITO.jpg 320w, https:\/\/www.depo.pl\/wordpress\/wp-content\/uploads\/2008\/01\/SITO-300x225.jpg 300w\" sizes=\"auto, (max-width: 320px) 100vw, 320px\" \/><\/p>\n<p class=\"c\"><a href=\"javascript:zamknij();displayWindow('Radiostacja\/Grzes.jpg','320','240','Grzesiu Hoffman')\"> <\/a><\/p>\n<p class=\"j\">Wkr\u00f3tce do\u0142\u0105czy\u0142 do niego Grzesiu Hoffman jako szef  muzyczny.<\/p>\n<p class=\"j\"><img loading=\"lazy\" decoding=\"async\" class=\"alignnone size-full wp-image-101\" title=\"Grzesiu  Hoffmann \" src=\"https:\/\/www.depo.pl\/wordpress\/wp-content\/uploads\/2008\/01\/Grzes.jpg\" alt=\"Grzesiu  Hoffmann \" width=\"320\" height=\"240\" srcset=\"https:\/\/www.depo.pl\/wordpress\/wp-content\/uploads\/2008\/01\/Grzes.jpg 320w, https:\/\/www.depo.pl\/wordpress\/wp-content\/uploads\/2008\/01\/Grzes-300x225.jpg 300w\" sizes=\"auto, (max-width: 320px) 100vw, 320px\" \/><\/p>\n<p class=\"j\">Ta trojka: Martyna, Pawe\u0142, Grzesiu wraz ze mn\u0105  zacz\u0119\u0142a tworzy\u0107 ju\u017c nowe radio, kt\u00f3re nazwali\u015bmy  Radiostacj\u0105. Nazwa zosta\u0142a wymy\u015blona przez Paw\u0142a, do mnie  dotar\u0142a rykoszetem, spodoba\u0142a mi si\u0119 i 11 listopada 1998 roku  Rozg\u0142o\u015bnia Harcerska zaistnia\u0142a ju\u017c jako RADIOSTACJA. Wtedy  zacz\u0119\u0142y si\u0119 tworzy\u0107 zr\u0119by zespo\u0142u programowego, by  wreszcie zjednoczy\u0107 si\u0119 w ZESP\u00d3\u0141 RADIOSTACJI.<\/p>\n<p class=\"j\">Zesp\u00f3\u0142, kt\u00f3ry liczy\u0142 ca 80 os\u00f3b, ogarni\u0119tych jednym celem &#8211;  stworzy\u0107 najbardziej alternatywne i najbardziej m\u0142odzie\u017cowe  radio w Polsce. Szale\u0144cy, dla kt\u00f3rych muzyka by\u0142a wszystkim,  wbrew wszystkiemu, wbrew rynkowi, wbrew przyzwyczajeniom,  wraz ze mn\u0105 uparcie walczyli o enklaw\u0119 inno\u015bci na polskim  rynku medialnym. Nie byli\u015bmy normalni, byli\u015bmy dynamiczni,  grali\u015bmy agresywn\u0105 muzyk\u0119, nie mizdrzyli\u015bmy si\u0119 do s\u0142uchaczy,  traktowali\u015bmy m\u0142odych ludzi jak partner\u00f3w, zreszt\u0105  Radiostacj\u0119 tworzyli m\u0142odzi, nieopierzeni entuzja\u015bci.<\/p>\n<p class=\"j\">Tworzyli\u015bmy mod\u0119. Ci\u0119\u017cko by\u0142o, oj ci\u0119\u017cko. Norwegowie  si\u0119 wycofali, KRRiTv pr\u00f3bowa\u0142a nam odebra\u0107 koncesje.  Walczyli\u015bmy o przetrwanie.  Nikt nie zrezygnowa\u0142, stali jak jeden ma\u017c przy mnie w tych  ci\u0119\u017ckich, naprawd\u0119 pionierskich czasach.<\/p>\n<p class=\"j\">Los nas nie rozpieszcza\u0142. Najpierw walczyli\u015bmy z odium RH Kontakt i nieufno\u015bci\u0105 bran\u017cy do Rozg\u0142o\u015bni. Nieufnie nam si\u0119 przygl\u0105dano jako Radiostacji. Rada Krajowa te\u017c r\u00f3\u017cnie na nas patrzy\u0142a, czasem bardziej, cz\u0119\u015bciej mniej przychylnie. Byli\u015bmy &#8220;wrzodem&#8221; na u\u0142adzonym, wyg\u0142adzonym, mizdrz\u0105cym si\u0119 do odbiorcy rynku medi\u00f3w. I tylko m\u0142odzi nasi s\u0142uchacze szybko zacz\u0119li akceptowa\u0107 nas jako swoje radio. Wielu z nich na pytanie, jakiego radia s\u0142ucha, odpowiada\u0142o: &#8220;Radiostacji &#8211; A je\u015bli jej nie ma, to p\u0142yt&#8221;. Nie by\u0142o dla nas alternatywy w Polsce. Szeptana propaganda sprawi\u0142a, ze Radiostacja sta\u0142a si\u0119 radiem m\u0142odzie\u017cy. Byli\u015bmy zasypywani e-mailami: kiedy wreszcie b\u0119dziecie w Szczecinie, Kaliszu, Nowym Targu i wielu innych miejscowo\u015bciach w Polsce? M\u0142odzi ludzie inwestowali w odbiorniki satelitarne, budowali anteny kierunkowe, prosili znajomych w &#8220;naszych miastach&#8221; o\u00a0nagrywanie program\u00f3w, tracili pieni\u0105dze na Internet, byleby nas s\u0142ucha\u0107.<\/p>\n<p class=\"j\">W marcu 19999 Norwegowie powiedzieli: &#8220;Do\u015b\u0107, wycofujemy si\u0119&#8221;.  Zacz\u0119\u0142y si\u0119 ci\u0119\u017ckie czasy dla nas. Niepewna przysz\u0142o\u015b\u0107 sta\u0142a  si\u0119 jeszcze bardziej niepewna, gdy Krajowa Rada, podpuszczona  przez konkurencj\u0119, postanowi\u0142a na mocy sadu kapturowego  wszcz\u0105\u0107 post\u0119powanie o odebranie koncesji. Determinacja  Zespo\u0142u uratowania Radiostacji, przekonanie o wa\u017cno\u015bci  projektu, ci\u0119\u017cka, mr\u00f3wcza i podziemna praca wielu, Paw\u0142a,  Igora, Jarka by wspomnie\u0107 tylko kilku z ZESPO\u0141U, wsparcie  naszych wiernych s\u0142uchaczy, znanych osobisto\u015bci  politycznych, artystycznych, itd. &#8211; co nam oficjalnie &#8220;wypomniano&#8221; przy okazji &#8220;cofni\u0119cia cofni\u0119cia&#8221;  doprowadzi\u0142y po roku ci\u0119\u017ckiej walki do zawarcia umowy z Eurozetem. W ten spos\u00f3b uda\u0142o nam si\u0119 przep\u0142yn\u0105\u0107 miedzy  Scyll\u0105 (brakiem kasy) i Charybd\u0105 (Krajow\u0105 Rad\u0105) i Radiostacja jako radio m\u0142odzie\u017cowe zosta\u0142a uratowana.<\/p>\n<p class=\"j\">Mam nadziej\u0119, \u017ce nie by\u0142em najgorszym szefem, \u017ce tak jak  ja od Was, tak i Wy uczyli\u015bcie si\u0119 ode mnie.  Znosili\u015bcie tez moje humory, mojego psa, kt\u00f3ry te\u017c sta\u0142 si\u0119 cz\u0119\u015bci\u0105 Radiostacji. Pawle, Martyno, Grzesiu, Irku Rybczy\u0144ski, Piotrze Kuczy\u0144ski,  Waldku Spyrze, Agnieszko, Wojtku Applu, Wojtki inne,  Szajewski, Robercie, Kamilu, Tomku Lipi\u0144ski, Marto, Michale  jednym i drugim, Marcinie, Pamaksie, Jarku Gajewski,  Igorze, Marku, Jarku Skoczeniu, Moniko, Ewy r\u00f3\u017cne, Kasiu  O., Magdo, Radi, Dj-e r\u00f3\u017cni skryci pod pseudonimami,  Sebastiany, Anzelmy, Szymonie, wszyscy Wy, kt\u00f3rych imiona  znam z przepustek podpisywanych na nocne programy, z\u00a0kt\u00f3rymi rzadko spotyka\u0142em si\u0119 na co dzie\u0144, wszyscy Wy,  kt\u00f3rych&amp; nie wymieniam z imienia, gdy\u017c by\u0142o Was razem ok.  80 os\u00f3b zamieszanych w Radiostacji &#8211; dzi\u0119kuj\u0119 Wam za  wsp\u00f3lnie sp\u0119dzony czas i za ciekawe do\u015bwiadczenie, jakie  dzi\u0119ki Wam sta\u0142o si\u0119 moim udzia\u0142em. W latach 1998-2002 razem stworzyli\u015bmy najlepsze radio w  Polsce: RADIOSTACJE. Nie by\u0142 to tw\u00f3r jednego cz\u0142owieka, lecz ZESPO\u0141U. Wspomagali\u015bcie mnie, za co jestem Wam wszystkim bardzo wdzi\u0119czny.<\/p>\n<p class=\"j\">Kiedy zaczyna\u0142em tworzy\u0107 radio, nie gra\u0142o ono mojej  muzyki. Kiedy radio powsta\u0142o, sam zacz\u0105\u0142em s\u0142ucha\u0107 muzyki  jak\u017ce odmiennej od mojej ulubionej. Nawet z podro\u017cy  przywozi\u0142em nowe p\u0142yty aby je zagra\u0107 dla s\u0142uchaczy.<\/p>\n<p class=\"c\"><a href=\"javascript:zamknij();displayWindow('Dom\/Painting from people from Radiostacja.jpg','597','414','Obraz od zespo%C5%82u Radiostacji')\"> <\/a><\/p>\n<hr size=\"1\" \/>\n<h3>TO SE NE VRATI &#8230;<\/h3>\n","protected":false},"excerpt":{"rendered":"<p>R A D I O S T A C J A H I S T O R I A Gramy najlepsze z najnowszych TAK OPISYWALI\u015aMY RADIOSTACJ\u0118, KIEDY J\u0104 TWORZYLI\u015aMY. MIELI\u015aMY WIZJ\u0118 I CEL: \u017bEBY STA\u0141A SI\u0118 NAJLEPSZYM RADIEM W POLSCE. W CI\u0104GU DW\u00d3CH LAT NASZE MARZENIE SI\u0118 ZREALIZOWA\u0141O. ZA TO, CO SI\u0118 STA\u0141O P\u00d3\u0179NIEJ, PO [&hellip;]<\/p>\n","protected":false},"author":2,"featured_media":0,"parent":0,"menu_order":62,"comment_status":"open","ping_status":"open","template":"","meta":{"ngg_post_thumbnail":0,"footnotes":""},"class_list":["post-8","page","type-page","status-publish","hentry"],"_links":{"self":[{"href":"https:\/\/www.depo.pl\/index.php?rest_route=\/wp\/v2\/pages\/8","targetHints":{"allow":["GET"]}}],"collection":[{"href":"https:\/\/www.depo.pl\/index.php?rest_route=\/wp\/v2\/pages"}],"about":[{"href":"https:\/\/www.depo.pl\/index.php?rest_route=\/wp\/v2\/types\/page"}],"author":[{"embeddable":true,"href":"https:\/\/www.depo.pl\/index.php?rest_route=\/wp\/v2\/users\/2"}],"replies":[{"embeddable":true,"href":"https:\/\/www.depo.pl\/index.php?rest_route=%2Fwp%2Fv2%2Fcomments&post=8"}],"version-history":[{"count":6,"href":"https:\/\/www.depo.pl\/index.php?rest_route=\/wp\/v2\/pages\/8\/revisions"}],"predecessor-version":[{"id":88,"href":"https:\/\/www.depo.pl\/index.php?rest_route=\/wp\/v2\/pages\/8\/revisions\/88"}],"wp:attachment":[{"href":"https:\/\/www.depo.pl\/index.php?rest_route=%2Fwp%2Fv2%2Fmedia&parent=8"}],"curies":[{"name":"wp","href":"https:\/\/api.w.org\/{rel}","templated":true}]}}